 is divided by 25.
23
Suppose -2*f - k = -9, -4*f + 31 = -3*k + 28. Let s = 0 - -3. Calculate the remainder when s is divided by f.
0
Let z(u) = u**3 + 11*u**2 + 6*u - 10. Let m be 4/28 + 71/(-7). Calculate the remainder when 117 is divided by z(m).
27
Let h be (-68)/(-8)*2*1. Suppose 0 = -21*d + h*d + 128. Calculate the remainder when d is divided by 11.
10
Let i = 298 + -258. What is the remainder when 142 is divided by i?
22
Let w(x) = x - 1. Let q(s) = -6*s - 13 - 3*s + 12 + 3*s. Let o(j) = q(j) + 5*w(j). What is the remainder when 12 is divided by o(-13)?
5
Let k = -122 + 75. Let y = k + 56. Calculate the remainder when y is divided by 3.
0
Let w(q) = q**3 - 2*q**2 - 4*q - 3. Let x(k) = -k**3 - 7*k**2 - 4*k + 5. Let l be x(-6). Let m = l + 11. Calculate the remainder when 49 is divided by w(m).
10
Suppose 0 = -13*d + 18*d - 145. Suppose -d = -3*b + 31. What is the remainder when 57 is divided by b?
17
Let a = -4 + 90. What is the remainder when a is divided by (2/(-4))/((-9)/558)?
24
Let n(j) = -4*j + 75. Calculate the remainder when n(-19) is divided by 52.
47
Calculate the remainder when 2/6*15 + 147 is divided by 3 - (-17 - 0) - -2.
20
Suppose 14 + 36 = 2*o + 2*g, -5*o - g = -105. Let u be 11 - o/(5 + 0). Suppose u*a - 4*a - 183 = 0. What is the remainder when a is divided by 21?
19
Let p(u) = -u**2 + u + 14. Let g be p(0). Suppose 3*k + g + 16 = 0. Let v = 17 + k. What is the remainder when 17 is divided by v?
3
Let a(h) = 2*h - 11. Let g(k) = -k + 6. Let o be g(5). Let y = o + 8. Calculate the remainder when a(18) is divided by y.
7
Let b(j) = j**2 - 10*j + 13. Let k = -5 + 14. Calculate the remainder when b(k) is divided by -3 + (-1)/((-6)/(-3))*-12.
1
Let j be 462/(-8) - 6/(-8). Let z = j + 188. Suppose -3*m = -6, -5*v - 3*m + z + 140 = 0. What is the remainder when v is divided by 18?
17
Let x(s) = 28*s + 5. Let h be x(13). Let f be h*((-8)/(-4))/6. Suppose -f = -3*y - 0*y. Calculate the remainder when y is divided by 11.
8
Suppose j + 4*m = 7, -2*j + 3*m = 2*j - 9. Suppose j*h - 6 - 15 = 0. What is the remainder when 13 is divided by h?
6
Let o be (-57)/4*16/(-6). Let h = -30 + o. What is the remainder when 30 is divided by h?
6
Let i be 4 + (-5)/(10/2). Suppose f = -5*y, i*y + 25 = f - 15. What is the remainder when f is divided by 7?
4
Suppose -153 = -4*g + g. Calculate the remainder when 121 is divided by g.
19
Suppose -3*a + 10 = 5*r, -2*a + r + 10 + 1 = 0. Let z = -21 - -36. Let p = z + -7. Calculate the remainder when p is divided by a.
3
Let j = -119 + 119. Suppose -4*i + 2*n + j*n = -82, -62 = -3*i + 2*n. Let t(q) = q**3 - 7*q**2 + 8*q - 1. What is the remainder when i is divided by t(6)?
9
Let m(k) = 3*k**2 - 2*k + 6. Suppose -y + 42 = y. What is the remainder when m(-4) is divided by y?
20
Let p = -579 - -996. What is the remainder when p is divided by 70?
67
Let b = 134 - -359. What is the remainder when b is divided by 31?
28
Let n = 109 + -95. Let c = -8 + n. Calculate the remainder when 13 is divided by c.
1
Let o(b) = b + 1. Let w be o(7). Let h = 13 - w. Suppose -11*v + 190 + 8 = 0. Calculate the remainder when v is divided by h.
3
Calculate the remainder when 2600/12 - (30/9)/5 is divided by 31.
30
Let l = 764 + 1755. Calculate the remainder when l is divided by 20.
19
Calculate the remainder when 180 is divided by (-12 - -19) + -2 + 86.
89
Let n(d) = 9*d + 318. Let f = 101 + -71. Calculate the remainder when n(-29) is divided by f.
27
Suppose -4*w - c + 302 = -157, 2*w - 228 = -2*c. What is the remainder when w is divided by 18?
7
Suppose -t - 5*h = -2*h + 9, 2*t + h - 2 = 0. Let g = -109 - -113. What is the remainder when g is divided by t?
1
Suppose 128 = 9*v - 133. Calculate the remainder when 375 is divided by v.
27
Let c(m) = -4*m**3 - 2*m**2 + m - 1. What is the remainder when 33/22 + (-609)/(-6) is divided by c(-2)?
19
Let o(t) = 5*t. Let h(b) = b + 16. Suppose 4*w = 5*n - 34, 5*w - 5*n + 13 = -32. Let z be h(w). What is the remainder when o(z) is divided by 9?
7
Suppose -2*s = -4*x + s + 316, -x + 88 = -3*s. Suppose -5 = g - x. Calculate the remainder when g is divided by 16.
7
Suppose -6*c - 353 - 217 = 0. Let m = c + 172. Calculate the remainder when m is divided by 40.
37
Let p be (12/9)/((-4)/(-18)). Suppose 0 = p*n - n - 75. Let y = n - 3. Calculate the remainder when 33 is divided by y.
9
Let a(u) = 3*u**2 - 53*u - 40. Calculate the remainder when a(19) is divided by 63/6 + (-1)/2.
6
Let l be 110/(-2) + (-20)/(-20). Let d = l + 62. Calculate the remainder when 63 is divided by d.
7
Let j(u) = -u**2 - 41*u + 540. What is the remainder when j(-48) is divided by 61?
21
Suppose 5*w + 532 = -4*z, -4*w + z + 419 = -8*w. Let d = 208 + w. What is the remainder when d is divided by 53?
51
Let v = -33 - -63. Let y = -14 + v. Calculate the remainder when 62 is divided by y.
14
Let x(z) be the second derivative of -z**5/20 - z**4/3 + z**3/2 - z**2/2 + 6*z. Suppose 2*u + 96 = 6*u. Calculate the remainder when u is divided by x(-5).
6
Calculate the remainder when 89 is divided by (42/28)/((-1)/(-10)).
14
Suppose -9*k + 10 = -4*k. Suppose -4*g + 4 = -4*c, -2 = -4*g + 3*c - 1. What is the remainder when 27 is divided by k/g + 3 + 2?
3
Let t be 90/((1 - 0) + 1). Calculate the remainder when 17 is divided by 92/10 + (-9)/t.
8
Suppose -2*c = -2*v - 5 - 33, 5*v + 35 = c. What is the remainder when 39 is divided by c?
9
Let t(x) = x**2 + 6*x - 5. Suppose 3*b + 24 = 6*b. Calculate the remainder when t(-8) is divided by b/(-4) - 18/(-2).
4
Let h(d) = 5*d + 9. Let q be 2*-2*(-5)/(-2). Let n be h(q). Calculate the remainder when 51 is divided by n/(-3) + 2/(-3).
12
Suppose 2*l - x = -3*x - 38, 2*l = 3*x - 33. Let w = -7 - l. What is the remainder when 19 is divided by w/(2 + 0 + -1)?
8
Suppose 23*q = 20*q - 363. Let s = q - -220. What is the remainder when s is divided by 17?
14
Let g(d) = 30*d - 1. Let q = 14 - 11. What is the remainder when g(q) is divided by 31?
27
Let g(p) = 3*p**3 - 33*p**2 - 6*p + 163. What is the remainder when g(11) is divided by (20/3)/((-2)/(-6))?
17
Let o = 1444 + -1242. Calculate the remainder when 413 is divided by o.
9
Suppose 6*p - 137 = 7*p. Let f = 157 + p. Calculate the remainder when 119 is divided by f.
19
Suppose -a - 5*f = -60, -a + 4 = 3*f - 60. What is the remainder when a is divided by (20/25)/((-2)/(-20))?
6
Suppose 0 = -18*h + 456 - 60. What is the remainder when 55 is divided by h?
11
Let r be 33/(-4) - 1/(-4). Let s be (-4 - (-6 + 0))/(-2). Let i = s - r. Calculate the remainder when 26 is divided by i.
5
Suppose 0 = -37*q + 26*q + 1177. What is the remainder when q is divided by 5?
2
Suppose 0 = -9*a + 397 - 118. What is the remainder when a is divided by (-3)/6 + (-70)/(-4)?
14
Calculate the remainder when 25 is divided by 51/(-4)*-1*(-16)/(-12).
8
Suppose -13*c + 11416 = 2134. Calculate the remainder when c is divided by 48.
42
Suppose 32*m + 105 - 809 = 0. What is the remainder when 68 is divided by m?
2
Let i(p) = p**3 + 10*p**2 + p + 16. Calculate the remainder when i(-8) is divided by 10.
6
What is the remainder when 76 is divided by 64/(7 - 5) + -3?
18
Let y be 4 + -1*0/2. Suppose 2*i = -2*z + 166, y*z = -2*i + 6*i - 356. Calculate the remainder when i is divided by (2 - 0)*(-3)/(30/(-145)).
28
Calculate the remainder when 702 is divided by (8 - -35) + -2 + 6.
44
Let j be 42/5 + 15/25. Suppose 5*u + j = 64. Let v(y) = -7*y**3 - 3*y - 3. Calculate the remainder when u is divided by v(-1).
4
Let c(g) = 4*g + 5. Let l be c(7). Let p = l - 6. What is the remainder when 51 is divided by p?
24
Suppose -g - 2*u = 2, -4 = g - 5*u - 16. Suppose 3*y - 144 = -3*d, 5*y - 190 = -g*d + 7*d. Calculate the remainder when 169 is divided by y.
40
Suppose h = 3*y + 18 - 9, -5*y = -3*h + 27. What is the remainder when 3237 is divided by h?
6
What is the remainder when -3*((-12848)/12 + 7) is divided by 42?
41
Let n = 37 - 14. Suppose 85 = -2*m - n. Let p = 1 - m. What is the remainder when p is divided by 29?
26
Let a be (-52)/(-13) - (1 + 0). Suppose a*o = 4*o. Suppose 2*s + o*s - 30 = 0. Calculate the remainder when 59 is divided by s.
14
Suppose -5 = s, 2*i = 5*s - 31 - 0. Calculate the remainder when 5*(0 + i/(-5)) is divided by 11 + (2 - 6) + 8.
13
Suppose 0*x = 2*x - 64. Let k(j